{"id":110,"date":"2016-03-15T12:02:39","date_gmt":"2016-03-15T11:02:39","guid":{"rendered":"http:\/\/duoseigle.com\/?page_id=110"},"modified":"2022-10-11T22:03:43","modified_gmt":"2022-10-11T21:03:43","slug":"sur-les-routes-de-lest-2","status":"publish","type":"page","link":"http:\/\/duoseigle.com\/index.php\/fr\/sur-les-routes-de-lest-2\/","title":{"rendered":"Le disque"},"content":{"rendered":"<table>\n<tbody>\n<tr>\n<td><a href=\"http:\/\/duoseigle.com\/wp-content\/uploads\/2016\/03\/Couverture-Seigle-Sur-les-routes-de-lEst-com.jpg\" target=\"_blank\" rel=\"noopener\"><img decoding=\"async\" loading=\"lazy\" class=\"alignright wp-image-452\" src=\"http:\/\/duoseigle.com\/wp-content\/uploads\/2016\/03\/Couverture-Seigle-Sur-les-routes-de-lEst-com-300x297.jpg\" alt=\"Sur les routes de l'Est - le disque - recto\" width=\"333\" height=\"330\" srcset=\"http:\/\/duoseigle.com\/wp-content\/uploads\/2016\/03\/Couverture-Seigle-Sur-les-routes-de-lEst-com-300x297.jpg 300w, http:\/\/duoseigle.com\/wp-content\/uploads\/2016\/03\/Couverture-Seigle-Sur-les-routes-de-lEst-com-150x150.jpg 150w, http:\/\/duoseigle.com\/wp-content\/uploads\/2016\/03\/Couverture-Seigle-Sur-les-routes-de-lEst-com-768x762.jpg 768w, http:\/\/duoseigle.com\/wp-content\/uploads\/2016\/03\/Couverture-Seigle-Sur-les-routes-de-lEst-com-1024x1015.jpg 1024w, http:\/\/duoseigle.com\/wp-content\/uploads\/2016\/03\/Couverture-Seigle-Sur-les-routes-de-lEst-com-151x150.jpg 151w, http:\/\/duoseigle.com\/wp-content\/uploads\/2016\/03\/Couverture-Seigle-Sur-les-routes-de-lEst-com.jpg 1429w\" sizes=\"(max-width: 333px) 100vw, 333px\" \/><\/a><\/td>\n<td><a href=\"http:\/\/duoseigle.com\/wp-content\/uploads\/2016\/03\/jaquette-Seigle-recto-pour-com.jpg\" target=\"_blank\" rel=\"noopener\"><img decoding=\"async\" loading=\"lazy\" class=\"alignleft wp-image-453\" src=\"http:\/\/duoseigle.com\/wp-content\/uploads\/2016\/03\/jaquette-Seigle-recto-pour-com-300x255.jpg\" alt=\"Sur les routes de l'Est - le disque - verso\" width=\"389\" height=\"330\" srcset=\"http:\/\/duoseigle.com\/wp-content\/uploads\/2016\/03\/jaquette-Seigle-recto-pour-com-300x255.jpg 300w, http:\/\/duoseigle.com\/wp-content\/uploads\/2016\/03\/jaquette-Seigle-recto-pour-com-768x652.jpg 768w, http:\/\/duoseigle.com\/wp-content\/uploads\/2016\/03\/jaquette-Seigle-recto-pour-com-1024x869.jpg 1024w, http:\/\/duoseigle.com\/wp-content\/uploads\/2016\/03\/jaquette-Seigle-recto-pour-com-177x150.jpg 177w, http:\/\/duoseigle.com\/wp-content\/uploads\/2016\/03\/jaquette-Seigle-recto-pour-com-150x127.jpg 150w, http:\/\/duoseigle.com\/wp-content\/uploads\/2016\/03\/jaquette-Seigle-recto-pour-com.jpg 1643w\" sizes=\"(max-width: 389px) 100vw, 389px\" \/><\/a><\/td>\n<\/tr>\n<\/tbody>\n<\/table>\n<h5><\/h5>\n<pre><span style=\"font-family: Quicksand;\">Sur les Routes de l'Est - Micha\u00ebl et Nicolas Seigle<\/span>\n<div class=\"sc_fancy_player_container\"><!--[if lt IE 9]><script>document.createElement('audio');<\/script><![endif]-->\n<audio class=\"wp-audio-shortcode\" id=\"audio-110-1\" preload=\"none\" style=\"width: 100%;\" controls=\"controls\"><source type=\"audio\/mpeg\" src=\"http:\/\/duoseigle.com\/wp-content\/uploads\/2016\/05\/01-DUO-SEIGLE-extraits-6.mp3?_=1\" \/><a href=\"http:\/\/duoseigle.com\/wp-content\/uploads\/2016\/05\/01-DUO-SEIGLE-extraits-6.mp3\">http:\/\/duoseigle.com\/wp-content\/uploads\/2016\/05\/01-DUO-SEIGLE-extraits-6.mp3<\/a><\/audio><\/div><\/pre>\n<h5>Disponible \u00e0 la Fnac et Amazon !<\/h5>\n<p><a href=\"http:\/\/musique.fnac.com\/a9686122\/Michael-Seigle-Sur-les-routes-de-l-Est-CD-album?omnsearchpos=1\" target=\"_blank\" rel=\"noopener\">&nbsp;&nbsp;<img decoding=\"async\" loading=\"lazy\" class=\"alignnone wp-image-596\" src=\"http:\/\/duoseigle.com\/wp-content\/uploads\/2016\/03\/53213-300x300.png\" alt=\"53213\" width=\"200\" height=\"200\" srcset=\"http:\/\/duoseigle.com\/wp-content\/uploads\/2016\/03\/53213-300x300.png 300w, http:\/\/duoseigle.com\/wp-content\/uploads\/2016\/03\/53213-150x150.png 150w, http:\/\/duoseigle.com\/wp-content\/uploads\/2016\/03\/53213-768x768.png 768w, http:\/\/duoseigle.com\/wp-content\/uploads\/2016\/03\/53213.png 1000w\" sizes=\"(max-width: 200px) 100vw, 200px\" \/><\/a><a href=\"http:\/\/www.amazon.fr\/dp\/B01F43CROE\" target=\"_blank\" rel=\"noopener\"><img decoding=\"async\" loading=\"lazy\" class=\"alignnone wp-image-598\" src=\"http:\/\/duoseigle.com\/wp-content\/uploads\/2016\/03\/a-smile_color-300x300.png\" alt=\"a-smile_color\" width=\"200\" height=\"200\" srcset=\"http:\/\/duoseigle.com\/wp-content\/uploads\/2016\/03\/a-smile_color-300x300.png 300w, http:\/\/duoseigle.com\/wp-content\/uploads\/2016\/03\/a-smile_color-150x150.png 150w, http:\/\/duoseigle.com\/wp-content\/uploads\/2016\/03\/a-smile_color.png 426w\" sizes=\"(max-width: 200px) 100vw, 200px\" \/><\/a><\/p>\n","protected":false},"excerpt":{"rendered":"<p>Sur les Routes de l&rsquo;Est &#8211; Micha\u00ebl et Nicolas Seigle Disponible \u00e0 la Fnac et Amazon ! &nbsp;&nbsp;<\/p>\n<p> <a class=\"continue-reading-link\" href=\"http:\/\/duoseigle.com\/index.php\/fr\/sur-les-routes-de-lest-2\/\"><span>Lire la suite<\/span><i class=\"crycon-right-dir\"><\/i><\/a> <\/p>\n","protected":false},"author":1,"featured_media":0,"parent":0,"menu_order":0,"comment_status":"closed","ping_status":"closed","template":"templates\/template-onecolumn.php","meta":{"two_page_speed":[]},"yoast_head":"<!-- This site is optimized with the Yoast SEO plugin v19.10 - https:\/\/yoast.com\/wordpress\/plugins\/seo\/ -->\n<title>Le disque - Sur les Routes de l&#039;Est - Duo Seigle<\/title>\n<meta name=\"description\" content=\"Sorti en avril 2016, d\u00e9couvrez le disque du Duo Micha\u00ebl et Nicolas Seigle qui ont enregistr\u00e9 Bohuslav Martinu, Erwin Schulhoff et Zoltan Kodaly...\" \/>\n<meta name=\"robots\" content=\"index, follow, max-snippet:-1, max-image-preview:large, max-video-preview:-1\" \/>\n<link rel=\"canonical\" href=\"http:\/\/duoseigle.com\/index.php\/fr\/sur-les-routes-de-lest-2\/\" \/>\n<meta property=\"og:locale\" content=\"fr_FR\" \/>\n<meta property=\"og:type\" content=\"article\" \/>\n<meta property=\"og:title\" content=\"Le disque - Sur les Routes de l&#039;Est - Duo Seigle\" \/>\n<meta property=\"og:description\" content=\"Sorti en avril 2016, d\u00e9couvrez le disque du Duo Micha\u00ebl et Nicolas Seigle qui ont enregistr\u00e9 Bohuslav Martinu, Erwin Schulhoff et Zoltan Kodaly...\" \/>\n<meta property=\"og:url\" content=\"http:\/\/duoseigle.com\/index.php\/fr\/sur-les-routes-de-lest-2\/\" \/>\n<meta property=\"article:publisher\" content=\"https:\/\/www.facebook.com\/duoseigle\/\" \/>\n<meta property=\"article:modified_time\" content=\"2022-10-11T21:03:43+00:00\" \/>\n<meta property=\"og:image\" content=\"http:\/\/duoseigle.com\/wp-content\/uploads\/2016\/03\/Couverture-Seigle-Sur-les-routes-de-lEst-com-300x297.jpg\" \/>\n<meta name=\"twitter:card\" content=\"summary_large_image\" \/>\n<meta name=\"twitter:site\" content=\"@nicolasandmichael\" \/>\n<meta name=\"twitter:label1\" content=\"Dur\u00e9e de lecture estim\u00e9e\" \/>\n\t<meta name=\"twitter:data1\" content=\"1 minute\" \/>\n<script type=\"application\/ld+json\" class=\"yoast-schema-graph\">{\"@context\":\"https:\/\/schema.org\",\"@graph\":[{\"@type\":\"WebPage\",\"@id\":\"http:\/\/duoseigle.com\/index.php\/fr\/sur-les-routes-de-lest-2\/\",\"url\":\"http:\/\/duoseigle.com\/index.php\/fr\/sur-les-routes-de-lest-2\/\",\"name\":\"Le disque - Sur les Routes de l'Est - Duo Seigle\",\"isPartOf\":{\"@id\":\"http:\/\/duoseigle.com\/#website\"},\"datePublished\":\"2016-03-15T11:02:39+00:00\",\"dateModified\":\"2022-10-11T21:03:43+00:00\",\"description\":\"Sorti en avril 2016, d\u00e9couvrez le disque du Duo Micha\u00ebl et Nicolas Seigle qui ont enregistr\u00e9 Bohuslav Martinu, Erwin Schulhoff et Zoltan Kodaly...\",\"breadcrumb\":{\"@id\":\"http:\/\/duoseigle.com\/index.php\/fr\/sur-les-routes-de-lest-2\/#breadcrumb\"},\"inLanguage\":\"fr-FR\",\"potentialAction\":[{\"@type\":\"ReadAction\",\"target\":[\"http:\/\/duoseigle.com\/index.php\/fr\/sur-les-routes-de-lest-2\/\"]}]},{\"@type\":\"BreadcrumbList\",\"@id\":\"http:\/\/duoseigle.com\/index.php\/fr\/sur-les-routes-de-lest-2\/#breadcrumb\",\"itemListElement\":[{\"@type\":\"ListItem\",\"position\":1,\"name\":\"Accueil\",\"item\":\"http:\/\/duoseigle.com\/index.php\/en\/\"},{\"@type\":\"ListItem\",\"position\":2,\"name\":\"Le disque\"}]},{\"@type\":\"WebSite\",\"@id\":\"http:\/\/duoseigle.com\/#website\",\"url\":\"http:\/\/duoseigle.com\/\",\"name\":\"\",\"description\":\"\",\"publisher\":{\"@id\":\"http:\/\/duoseigle.com\/#\/schema\/person\/b9e3d0951d21aa99d558fe8c0fed21fe\"},\"potentialAction\":[{\"@type\":\"SearchAction\",\"target\":{\"@type\":\"EntryPoint\",\"urlTemplate\":\"http:\/\/duoseigle.com\/?s={search_term_string}\"},\"query-input\":\"required name=search_term_string\"}],\"inLanguage\":\"fr-FR\"},{\"@type\":[\"Person\",\"Organization\"],\"@id\":\"http:\/\/duoseigle.com\/#\/schema\/person\/b9e3d0951d21aa99d558fe8c0fed21fe\",\"name\":\"seigle\",\"image\":{\"@type\":\"ImageObject\",\"inLanguage\":\"fr-FR\",\"@id\":\"http:\/\/duoseigle.com\/#\/schema\/person\/image\/\",\"url\":\"http:\/\/duoseigle.com\/wp-content\/uploads\/2022\/10\/1F5D9CD8-B156-4BC4-8CD6-4BA966347FB7.jpeg\",\"contentUrl\":\"http:\/\/duoseigle.com\/wp-content\/uploads\/2022\/10\/1F5D9CD8-B156-4BC4-8CD6-4BA966347FB7.jpeg\",\"width\":250,\"height\":250,\"caption\":\"seigle\"},\"logo\":{\"@id\":\"http:\/\/duoseigle.com\/#\/schema\/person\/image\/\"},\"sameAs\":[\"http:\/\/duoseigle.com\/index.php\/fr\/\",\"https:\/\/www.facebook.com\/duoseigle\/\",\"https:\/\/www.instagram.com\/duoseigle\/\",\"https:\/\/twitter.com\/nicolasandmichael\",\"https:\/\/www.youtube.com\/channel\/UCAjCrJ956r7vTGv8uUlQrpw\"]}]}<\/script>\n<!-- \/ Yoast SEO plugin. -->","yoast_head_json":{"title":"Le disque - Sur les Routes de l'Est - Duo Seigle","description":"Sorti en avril 2016, d\u00e9couvrez le disque du Duo Micha\u00ebl et Nicolas Seigle qui ont enregistr\u00e9 Bohuslav Martinu, Erwin Schulhoff et Zoltan Kodaly...","robots":{"index":"index","follow":"follow","max-snippet":"max-snippet:-1","max-image-preview":"max-image-preview:large","max-video-preview":"max-video-preview:-1"},"canonical":"http:\/\/duoseigle.com\/index.php\/fr\/sur-les-routes-de-lest-2\/","og_locale":"fr_FR","og_type":"article","og_title":"Le disque - Sur les Routes de l'Est - Duo Seigle","og_description":"Sorti en avril 2016, d\u00e9couvrez le disque du Duo Micha\u00ebl et Nicolas Seigle qui ont enregistr\u00e9 Bohuslav Martinu, Erwin Schulhoff et Zoltan Kodaly...","og_url":"http:\/\/duoseigle.com\/index.php\/fr\/sur-les-routes-de-lest-2\/","article_publisher":"https:\/\/www.facebook.com\/duoseigle\/","article_modified_time":"2022-10-11T21:03:43+00:00","og_image":[{"url":"http:\/\/duoseigle.com\/wp-content\/uploads\/2016\/03\/Couverture-Seigle-Sur-les-routes-de-lEst-com-300x297.jpg"}],"twitter_card":"summary_large_image","twitter_site":"@nicolasandmichael","twitter_misc":{"Dur\u00e9e de lecture estim\u00e9e":"1 minute"},"schema":{"@context":"https:\/\/schema.org","@graph":[{"@type":"WebPage","@id":"http:\/\/duoseigle.com\/index.php\/fr\/sur-les-routes-de-lest-2\/","url":"http:\/\/duoseigle.com\/index.php\/fr\/sur-les-routes-de-lest-2\/","name":"Le disque - Sur les Routes de l'Est - Duo Seigle","isPartOf":{"@id":"http:\/\/duoseigle.com\/#website"},"datePublished":"2016-03-15T11:02:39+00:00","dateModified":"2022-10-11T21:03:43+00:00","description":"Sorti en avril 2016, d\u00e9couvrez le disque du Duo Micha\u00ebl et Nicolas Seigle qui ont enregistr\u00e9 Bohuslav Martinu, Erwin Schulhoff et Zoltan Kodaly...","breadcrumb":{"@id":"http:\/\/duoseigle.com\/index.php\/fr\/sur-les-routes-de-lest-2\/#breadcrumb"},"inLanguage":"fr-FR","potentialAction":[{"@type":"ReadAction","target":["http:\/\/duoseigle.com\/index.php\/fr\/sur-les-routes-de-lest-2\/"]}]},{"@type":"BreadcrumbList","@id":"http:\/\/duoseigle.com\/index.php\/fr\/sur-les-routes-de-lest-2\/#breadcrumb","itemListElement":[{"@type":"ListItem","position":1,"name":"Accueil","item":"http:\/\/duoseigle.com\/index.php\/en\/"},{"@type":"ListItem","position":2,"name":"Le disque"}]},{"@type":"WebSite","@id":"http:\/\/duoseigle.com\/#website","url":"http:\/\/duoseigle.com\/","name":"","description":"","publisher":{"@id":"http:\/\/duoseigle.com\/#\/schema\/person\/b9e3d0951d21aa99d558fe8c0fed21fe"},"potentialAction":[{"@type":"SearchAction","target":{"@type":"EntryPoint","urlTemplate":"http:\/\/duoseigle.com\/?s={search_term_string}"},"query-input":"required name=search_term_string"}],"inLanguage":"fr-FR"},{"@type":["Person","Organization"],"@id":"http:\/\/duoseigle.com\/#\/schema\/person\/b9e3d0951d21aa99d558fe8c0fed21fe","name":"seigle","image":{"@type":"ImageObject","inLanguage":"fr-FR","@id":"http:\/\/duoseigle.com\/#\/schema\/person\/image\/","url":"http:\/\/duoseigle.com\/wp-content\/uploads\/2022\/10\/1F5D9CD8-B156-4BC4-8CD6-4BA966347FB7.jpeg","contentUrl":"http:\/\/duoseigle.com\/wp-content\/uploads\/2022\/10\/1F5D9CD8-B156-4BC4-8CD6-4BA966347FB7.jpeg","width":250,"height":250,"caption":"seigle"},"logo":{"@id":"http:\/\/duoseigle.com\/#\/schema\/person\/image\/"},"sameAs":["http:\/\/duoseigle.com\/index.php\/fr\/","https:\/\/www.facebook.com\/duoseigle\/","https:\/\/www.instagram.com\/duoseigle\/","https:\/\/twitter.com\/nicolasandmichael","https:\/\/www.youtube.com\/channel\/UCAjCrJ956r7vTGv8uUlQrpw"]}]}},"_links":{"self":[{"href":"http:\/\/duoseigle.com\/index.php\/wp-json\/wp\/v2\/pages\/110"}],"collection":[{"href":"http:\/\/duoseigle.com\/index.php\/wp-json\/wp\/v2\/pages"}],"about":[{"href":"http:\/\/duoseigle.com\/index.php\/wp-json\/wp\/v2\/types\/page"}],"author":[{"embeddable":true,"href":"http:\/\/duoseigle.com\/index.php\/wp-json\/wp\/v2\/users\/1"}],"replies":[{"embeddable":true,"href":"http:\/\/duoseigle.com\/index.php\/wp-json\/wp\/v2\/comments?post=110"}],"version-history":[{"count":33,"href":"http:\/\/duoseigle.com\/index.php\/wp-json\/wp\/v2\/pages\/110\/revisions"}],"predecessor-version":[{"id":1629,"href":"http:\/\/duoseigle.com\/index.php\/wp-json\/wp\/v2\/pages\/110\/revisions\/1629"}],"wp:attachment":[{"href":"http:\/\/duoseigle.com\/index.php\/wp-json\/wp\/v2\/media?parent=110"}],"curies":[{"name":"wp","href":"https:\/\/api.w.org\/{rel}","templated":true}]}}