{"id":52,"date":"2016-03-14T10:56:17","date_gmt":"2016-03-14T09:56:17","guid":{"rendered":"http:\/\/duoseigle.com\/?page_id=52"},"modified":"2023-06-19T13:53:11","modified_gmt":"2023-06-19T12:53:11","slug":"presse","status":"publish","type":"page","link":"http:\/\/duoseigle.com\/index.php\/fr\/presse\/","title":{"rendered":"Presse"},"content":{"rendered":"<ul>\n<li>Article parut le 19 mai 2022 dans le magazine Muzibao &#8211;\u00a0<strong><a href=\"https:\/\/poezibao.typepad.com\/muzibao\/2022\/05\/note-d\u00e9coute-duo-seigle-guest-no\u00ebmi-waysfeld-voyages-int\u00e9rieurs-ravel-bach-de-falla-gershwin.html\">Muzibao, critique de Voyages Int\u00e9rieurs<\/a>\u00a0<\/strong>par Andr\u00e9 Hirt<\/li>\n<li>Article parut en mai 2022 dans le magazine Opus Haute D\u00e9finition &#8211;\u00a0<strong><a href=\"http:\/\/opushd.net\/article?article=3121&amp;fbclid=IwAR2uXpShAILaYjyZHxpRRKNUigbvfGZzuUy9mfi60xJX8G7EilsQeGPRtMI\">Opus Haute D\u00e9finition, critique de Voyages Int\u00e9rieurs<\/a>\u00a0<\/strong>par Jean-Jacques Millo<\/li>\n<li>Article parut en mai 2022 dans le magazine Anaclase &#8211;\u00a0<strong><a href=\"http:\/\/www.anaclase.com\/content\/r\u00e9cital-duo-seigle?fbclid=IwAR0P2JIHiLYXQtUNetNpH1FojI2gDReJMtyilR1bURvzZspqk6ZPYERn054\">Anaclase, critique de Voyages Int\u00e9rieurs<\/a> <\/strong>par Laurent Bergnach<\/li>\n<li>Article parut le 4 avril 2022 dans le magazine Pizzicato &#8211;\u00a0<strong><a href=\"https:\/\/www.pizzicato.lu\/die-stimme-als-sahnehaube-zum-streichenden-bruderpaar\/?fbclid=IwAR1f5fzb9PI0FeEIuor6CMWUHkgFnvHOu5wUQHvehFDHeTGl9qHS9wP6Ea0\">Pizzicato Magazine, critique de Voyages Int\u00e9rieurs<\/a>\u00a0<\/strong>par Remy Franck<\/li>\n<li>Article parut en avril 2022 dans le web magazine froggy\u2019s Delight &#8211; <strong><a href=\"_wp_link_placeholder\" data-wplink-edit=\"true\">https:\/\/www.froggydelight.com\/article-25595-Duo_Seigle.html<\/a><\/strong> par J\u00e9r\u00f4me Gillet<\/li>\n<li>Article parut le 15 mars 2022 dans le magazine ClassicNews &#8211; <strong><a href=\"https:\/\/www.classiquenews.com\/critique-cd-evenement-voyages-interieurs-duo-seigle-1-cd-klarthe-records-enregistre-a-lyon-nov-2020\/\">ClassicNews, critique de Voyages Int\u00e9rieurs<\/a> <\/strong>par Hugo Papbst<\/li>\n<li>Article parut le 7 mars 2022 dans Musique classique &amp; Co &#8211; <strong><a href=\"https:\/\/vagnethierry.fr\/pieces-pour-violon-et-violoncelle-duo-seigle\/#more-22338\">Voyages int\u00e9rieurs &#8211; Pi\u00e8ces pour violon &amp; violoncelle<\/a> <\/strong>par Thierry Vagne<\/li>\n<li>Article parut le 24 septembre 2018 &#8211;<strong> <a href=\"https:\/\/actu.fr\/normandie\/longny-les-villages_61230\/un-album-enregistre-dans-leglise-monceaux-perche_18636463.html\" target=\"_blank\" rel=\"noopener\">Le Perche<\/a>\u00a0<\/strong><\/li>\n<li>Article parut dans le Berry R\u00e9publicain le 22 septembre 2017 &#8211; <strong><a href=\"https:\/\/www.leberry.fr\/argent-sur-sauldre\/2017\/09\/22\/duo-virtuose-pour-septembre-musical_12560846.html\" target=\"_blank\" rel=\"noopener\">\u00ab\u00a0Duo virtuose pour Septembre musical\u00a0\u00bb<\/a><\/strong><\/li>\n<li>Article paru sur Crescendo Magazine le 28 d\u00e9cembre 2016\u00a0<span style=\"font-family: 'Crimson Text';\">&#8211; <\/span><strong><a href=\"https:\/\/www.crescendo-magazine.be\/duos-de-lest\/\" target=\"_blank\" rel=\"noopener\">\u00ab\u00a0Duos de l&rsquo;Est\u00a0\u00bb<\/a>\u00a0<\/strong><span style=\"font-family: 'Crimson Text';\">par Jean-Baptiste Baronian<\/span><\/li>\n<li>Article paru sur Lib\u00e9ration.fr le 15 ao\u00fbt 2016 &#8211; <strong><a href=\"http:\/\/next.liberation.fr\/musique\/2016\/08\/15\/cordes-avides-et-archets-fringants_1472560\" target=\"_blank\" rel=\"noopener\">\u00ab\u00a0Cordes avides et archets fringants\u00a0\u00bb<\/a>\u00a0<\/strong>par Guillaume Tion<\/li>\n<\/ul>\n","protected":false},"excerpt":{"rendered":"<p>Article parut le 19 mai 2022 dans le magazine Muzibao &#8211;\u00a0Muzibao, critique de Voyages Int\u00e9rieurs\u00a0par Andr\u00e9 Hirt Article parut en mai 2022 dans le magazine Opus Haute D\u00e9finition &#8211;\u00a0Opus Haute D\u00e9finition, critique de Voyages Int\u00e9rieurs\u00a0par Jean-Jacques Millo Article parut en mai 2022 dans le magazine Anaclase &#8211;\u00a0Anaclase, critique de Voyages\u2026<\/p>\n<p> <a class=\"continue-reading-link\" href=\"http:\/\/duoseigle.com\/index.php\/fr\/presse\/\"><span>Lire la suite<\/span><i class=\"crycon-right-dir\"><\/i><\/a> <\/p>\n","protected":false},"author":1,"featured_media":0,"parent":0,"menu_order":0,"comment_status":"closed","ping_status":"closed","template":"","meta":{"two_page_speed":[]},"yoast_head":"<!-- This site is optimized with the Yoast SEO plugin v19.10 - https:\/\/yoast.com\/wordpress\/plugins\/seo\/ -->\n<title>Presse - Duo Micha\u00ebl et Nicolas Seigle<\/title>\n<meta name=\"description\" content=\"T\u00e9l\u00e9chargez le dossier de presse du projet Sur les routes de l&#039;Est du duo Micha\u00ebl et Nicolas Seigle...\" \/>\n<meta name=\"robots\" content=\"index, follow, max-snippet:-1, max-image-preview:large, max-video-preview:-1\" \/>\n<link rel=\"canonical\" href=\"http:\/\/duoseigle.com\/index.php\/fr\/presse\/\" \/>\n<meta property=\"og:locale\" content=\"fr_FR\" \/>\n<meta property=\"og:type\" content=\"article\" \/>\n<meta property=\"og:title\" content=\"Presse - Duo Micha\u00ebl et Nicolas Seigle\" \/>\n<meta property=\"og:description\" content=\"T\u00e9l\u00e9chargez le dossier de presse du projet Sur les routes de l&#039;Est du duo Micha\u00ebl et Nicolas Seigle...\" \/>\n<meta property=\"og:url\" content=\"http:\/\/duoseigle.com\/index.php\/fr\/presse\/\" \/>\n<meta property=\"article:publisher\" content=\"https:\/\/www.facebook.com\/duoseigle\/\" \/>\n<meta property=\"article:modified_time\" content=\"2023-06-19T12:53:11+00:00\" \/>\n<meta property=\"og:image\" content=\"http:\/\/duoseigle.com\/wp-content\/uploads\/2016\/03\/\u00a9ArtyFAN_8008ret1.jpg\" \/>\n\t<meta property=\"og:image:width\" content=\"2000\" \/>\n\t<meta property=\"og:image:height\" content=\"1333\" \/>\n\t<meta property=\"og:image:type\" content=\"image\/jpeg\" \/>\n<meta name=\"twitter:card\" content=\"summary_large_image\" \/>\n<meta name=\"twitter:site\" content=\"@nicolasandmichael\" \/>\n<meta name=\"twitter:label1\" content=\"Dur\u00e9e de lecture estim\u00e9e\" \/>\n\t<meta name=\"twitter:data1\" content=\"1 minute\" \/>\n<script type=\"application\/ld+json\" class=\"yoast-schema-graph\">{\"@context\":\"https:\/\/schema.org\",\"@graph\":[{\"@type\":\"WebPage\",\"@id\":\"http:\/\/duoseigle.com\/index.php\/fr\/presse\/\",\"url\":\"http:\/\/duoseigle.com\/index.php\/fr\/presse\/\",\"name\":\"Presse - Duo Micha\u00ebl et Nicolas Seigle\",\"isPartOf\":{\"@id\":\"http:\/\/duoseigle.com\/#website\"},\"datePublished\":\"2016-03-14T09:56:17+00:00\",\"dateModified\":\"2023-06-19T12:53:11+00:00\",\"description\":\"T\u00e9l\u00e9chargez le dossier de presse du projet Sur les routes de l'Est du duo Micha\u00ebl et Nicolas Seigle...\",\"breadcrumb\":{\"@id\":\"http:\/\/duoseigle.com\/index.php\/fr\/presse\/#breadcrumb\"},\"inLanguage\":\"fr-FR\",\"potentialAction\":[{\"@type\":\"ReadAction\",\"target\":[\"http:\/\/duoseigle.com\/index.php\/fr\/presse\/\"]}]},{\"@type\":\"BreadcrumbList\",\"@id\":\"http:\/\/duoseigle.com\/index.php\/fr\/presse\/#breadcrumb\",\"itemListElement\":[{\"@type\":\"ListItem\",\"position\":1,\"name\":\"Accueil\",\"item\":\"http:\/\/duoseigle.com\/index.php\/fr\/\"},{\"@type\":\"ListItem\",\"position\":2,\"name\":\"Presse\"}]},{\"@type\":\"WebSite\",\"@id\":\"http:\/\/duoseigle.com\/#website\",\"url\":\"http:\/\/duoseigle.com\/\",\"name\":\"\",\"description\":\"\",\"publisher\":{\"@id\":\"http:\/\/duoseigle.com\/#\/schema\/person\/b9e3d0951d21aa99d558fe8c0fed21fe\"},\"potentialAction\":[{\"@type\":\"SearchAction\",\"target\":{\"@type\":\"EntryPoint\",\"urlTemplate\":\"http:\/\/duoseigle.com\/?s={search_term_string}\"},\"query-input\":\"required name=search_term_string\"}],\"inLanguage\":\"fr-FR\"},{\"@type\":[\"Person\",\"Organization\"],\"@id\":\"http:\/\/duoseigle.com\/#\/schema\/person\/b9e3d0951d21aa99d558fe8c0fed21fe\",\"name\":\"seigle\",\"image\":{\"@type\":\"ImageObject\",\"inLanguage\":\"fr-FR\",\"@id\":\"http:\/\/duoseigle.com\/#\/schema\/person\/image\/\",\"url\":\"http:\/\/duoseigle.com\/wp-content\/uploads\/2022\/10\/1F5D9CD8-B156-4BC4-8CD6-4BA966347FB7.jpeg\",\"contentUrl\":\"http:\/\/duoseigle.com\/wp-content\/uploads\/2022\/10\/1F5D9CD8-B156-4BC4-8CD6-4BA966347FB7.jpeg\",\"width\":250,\"height\":250,\"caption\":\"seigle\"},\"logo\":{\"@id\":\"http:\/\/duoseigle.com\/#\/schema\/person\/image\/\"},\"sameAs\":[\"http:\/\/duoseigle.com\/index.php\/fr\/\",\"https:\/\/www.facebook.com\/duoseigle\/\",\"https:\/\/www.instagram.com\/duoseigle\/\",\"https:\/\/twitter.com\/nicolasandmichael\",\"https:\/\/www.youtube.com\/channel\/UCAjCrJ956r7vTGv8uUlQrpw\"]}]}<\/script>\n<!-- \/ Yoast SEO plugin. -->","yoast_head_json":{"title":"Presse - Duo Micha\u00ebl et Nicolas Seigle","description":"T\u00e9l\u00e9chargez le dossier de presse du projet Sur les routes de l'Est du duo Micha\u00ebl et Nicolas Seigle...","robots":{"index":"index","follow":"follow","max-snippet":"max-snippet:-1","max-image-preview":"max-image-preview:large","max-video-preview":"max-video-preview:-1"},"canonical":"http:\/\/duoseigle.com\/index.php\/fr\/presse\/","og_locale":"fr_FR","og_type":"article","og_title":"Presse - Duo Micha\u00ebl et Nicolas Seigle","og_description":"T\u00e9l\u00e9chargez le dossier de presse du projet Sur les routes de l'Est du duo Micha\u00ebl et Nicolas Seigle...","og_url":"http:\/\/duoseigle.com\/index.php\/fr\/presse\/","article_publisher":"https:\/\/www.facebook.com\/duoseigle\/","article_modified_time":"2023-06-19T12:53:11+00:00","og_image":[{"width":2000,"height":1333,"url":"http:\/\/duoseigle.com\/wp-content\/uploads\/2016\/03\/\u00a9ArtyFAN_8008ret1.jpg","type":"image\/jpeg"}],"twitter_card":"summary_large_image","twitter_site":"@nicolasandmichael","twitter_misc":{"Dur\u00e9e de lecture estim\u00e9e":"1 minute"},"schema":{"@context":"https:\/\/schema.org","@graph":[{"@type":"WebPage","@id":"http:\/\/duoseigle.com\/index.php\/fr\/presse\/","url":"http:\/\/duoseigle.com\/index.php\/fr\/presse\/","name":"Presse - Duo Micha\u00ebl et Nicolas Seigle","isPartOf":{"@id":"http:\/\/duoseigle.com\/#website"},"datePublished":"2016-03-14T09:56:17+00:00","dateModified":"2023-06-19T12:53:11+00:00","description":"T\u00e9l\u00e9chargez le dossier de presse du projet Sur les routes de l'Est du duo Micha\u00ebl et Nicolas Seigle...","breadcrumb":{"@id":"http:\/\/duoseigle.com\/index.php\/fr\/presse\/#breadcrumb"},"inLanguage":"fr-FR","potentialAction":[{"@type":"ReadAction","target":["http:\/\/duoseigle.com\/index.php\/fr\/presse\/"]}]},{"@type":"BreadcrumbList","@id":"http:\/\/duoseigle.com\/index.php\/fr\/presse\/#breadcrumb","itemListElement":[{"@type":"ListItem","position":1,"name":"Accueil","item":"http:\/\/duoseigle.com\/index.php\/fr\/"},{"@type":"ListItem","position":2,"name":"Presse"}]},{"@type":"WebSite","@id":"http:\/\/duoseigle.com\/#website","url":"http:\/\/duoseigle.com\/","name":"","description":"","publisher":{"@id":"http:\/\/duoseigle.com\/#\/schema\/person\/b9e3d0951d21aa99d558fe8c0fed21fe"},"potentialAction":[{"@type":"SearchAction","target":{"@type":"EntryPoint","urlTemplate":"http:\/\/duoseigle.com\/?s={search_term_string}"},"query-input":"required name=search_term_string"}],"inLanguage":"fr-FR"},{"@type":["Person","Organization"],"@id":"http:\/\/duoseigle.com\/#\/schema\/person\/b9e3d0951d21aa99d558fe8c0fed21fe","name":"seigle","image":{"@type":"ImageObject","inLanguage":"fr-FR","@id":"http:\/\/duoseigle.com\/#\/schema\/person\/image\/","url":"http:\/\/duoseigle.com\/wp-content\/uploads\/2022\/10\/1F5D9CD8-B156-4BC4-8CD6-4BA966347FB7.jpeg","contentUrl":"http:\/\/duoseigle.com\/wp-content\/uploads\/2022\/10\/1F5D9CD8-B156-4BC4-8CD6-4BA966347FB7.jpeg","width":250,"height":250,"caption":"seigle"},"logo":{"@id":"http:\/\/duoseigle.com\/#\/schema\/person\/image\/"},"sameAs":["http:\/\/duoseigle.com\/index.php\/fr\/","https:\/\/www.facebook.com\/duoseigle\/","https:\/\/www.instagram.com\/duoseigle\/","https:\/\/twitter.com\/nicolasandmichael","https:\/\/www.youtube.com\/channel\/UCAjCrJ956r7vTGv8uUlQrpw"]}]}},"_links":{"self":[{"href":"http:\/\/duoseigle.com\/index.php\/wp-json\/wp\/v2\/pages\/52"}],"collection":[{"href":"http:\/\/duoseigle.com\/index.php\/wp-json\/wp\/v2\/pages"}],"about":[{"href":"http:\/\/duoseigle.com\/index.php\/wp-json\/wp\/v2\/types\/page"}],"author":[{"embeddable":true,"href":"http:\/\/duoseigle.com\/index.php\/wp-json\/wp\/v2\/users\/1"}],"replies":[{"embeddable":true,"href":"http:\/\/duoseigle.com\/index.php\/wp-json\/wp\/v2\/comments?post=52"}],"version-history":[{"count":28,"href":"http:\/\/duoseigle.com\/index.php\/wp-json\/wp\/v2\/pages\/52\/revisions"}],"predecessor-version":[{"id":1679,"href":"http:\/\/duoseigle.com\/index.php\/wp-json\/wp\/v2\/pages\/52\/revisions\/1679"}],"wp:attachment":[{"href":"http:\/\/duoseigle.com\/index.php\/wp-json\/wp\/v2\/media?parent=52"}],"curies":[{"name":"wp","href":"https:\/\/api.w.org\/{rel}","templated":true}]}}